{"id":158763,"date":"2019-03-12T16:01:48","date_gmt":"2019-03-12T16:01:48","guid":{"rendered":"https:\/\/iporto.amp.pt\/eventos\/sonoridades-1\/"},"modified":"2023-10-04T16:19:25","modified_gmt":"2023-10-04T16:19:25","slug":"sonoridades-1","status":"publish","type":"event","link":"https:\/\/iporto.amp.pt\/es\/eventos\/sonoridades-1\/","title":{"rendered":"Sonoridades"},"content":{"rendered":"","protected":false},"excerpt":{"rendered":"<p>Organiza\u00e7\u00e3o: Munic\u00edpio de Santo Tirso. Dire\u00e7\u00e3o art\u00edstica e produ\u00e7\u00e3o: 1bigo \u2013 Artistas e Eventos<\/p>\n","protected":false},"author":42,"featured_media":158764,"template":"","categories":[36],"counties":[50],"yoast_head":"<!-- This site is optimized with the Yoast SEO plugin v24.1 - https:\/\/yoast.com\/wordpress\/plugins\/seo\/ -->\n<title>Sonoridades - iPorto<\/title>\n<meta name=\"robots\" content=\"index, follow, max-snippet:-1, max-image-preview:large, max-video-preview:-1\" \/>\n<link rel=\"canonical\" href=\"https:\/\/iporto.amp.pt\/es\/eventos\/sonoridades-1\/\" \/>\n<meta property=\"og:locale\" content=\"es_ES\" \/>\n<meta property=\"og:type\" content=\"article\" \/>\n<meta property=\"og:title\" content=\"Sonoridades - iPorto\" \/>\n<meta property=\"og:description\" content=\"Organiza\u00e7\u00e3o: Munic\u00edpio de Santo Tirso. Dire\u00e7\u00e3o art\u00edstica e produ\u00e7\u00e3o: 1bigo \u2013 Artistas e Eventos\" \/>\n<meta property=\"og:url\" content=\"https:\/\/iporto.amp.pt\/es\/eventos\/sonoridades-1\/\" \/>\n<meta property=\"og:site_name\" content=\"iPorto\" \/>\n<meta property=\"article:modified_time\" content=\"2023-10-04T16:19:25+00:00\" \/>\n<meta property=\"og:image\" content=\"https:\/\/iporto.amp.pt\/content\/uploads\/2023\/07\/158763_lula.jpg\" \/>\n\t<meta property=\"og:image:width\" content=\"535\" \/>\n\t<meta property=\"og:image:height\" content=\"357\" \/>\n\t<meta property=\"og:image:type\" content=\"image\/jpeg\" \/>\n<meta name=\"twitter:card\" content=\"summary_large_image\" \/>\n<script type=\"application\/ld+json\" class=\"yoast-schema-graph\">{\"@context\":\"https:\/\/schema.org\",\"@graph\":[{\"@type\":\"WebPage\",\"@id\":\"https:\/\/iporto.amp.pt\/es\/eventos\/sonoridades-1\/\",\"url\":\"https:\/\/iporto.amp.pt\/es\/eventos\/sonoridades-1\/\",\"name\":\"Sonoridades - iPorto\",\"isPartOf\":{\"@id\":\"https:\/\/iporto.amp.pt\/es\/#website\"},\"primaryImageOfPage\":{\"@id\":\"https:\/\/iporto.amp.pt\/es\/eventos\/sonoridades-1\/#primaryimage\"},\"image\":{\"@id\":\"https:\/\/iporto.amp.pt\/es\/eventos\/sonoridades-1\/#primaryimage\"},\"thumbnailUrl\":\"\/content\/uploads\/2023\/07\/158763_lula.jpg\",\"datePublished\":\"2019-03-12T16:01:48+00:00\",\"dateModified\":\"2023-10-04T16:19:25+00:00\",\"breadcrumb\":{\"@id\":\"https:\/\/iporto.amp.pt\/es\/eventos\/sonoridades-1\/#breadcrumb\"},\"inLanguage\":\"es\",\"potentialAction\":[{\"@type\":\"ReadAction\",\"target\":[\"https:\/\/iporto.amp.pt\/es\/eventos\/sonoridades-1\/\"]}]},{\"@type\":\"ImageObject\",\"inLanguage\":\"es\",\"@id\":\"https:\/\/iporto.amp.pt\/es\/eventos\/sonoridades-1\/#primaryimage\",\"url\":\"\/content\/uploads\/2023\/07\/158763_lula.jpg\",\"contentUrl\":\"\/content\/uploads\/2023\/07\/158763_lula.jpg\",\"width\":535,\"height\":357},{\"@type\":\"BreadcrumbList\",\"@id\":\"https:\/\/iporto.amp.pt\/es\/eventos\/sonoridades-1\/#breadcrumb\",\"itemListElement\":[{\"@type\":\"ListItem\",\"position\":1,\"name\":\"Home\",\"item\":\"https:\/\/iporto.amp.pt\/es\/\"},{\"@type\":\"ListItem\",\"position\":2,\"name\":\"Eventos\",\"item\":\"https:\/\/iporto.amp.pt\/es\/eventos\/\"},{\"@type\":\"ListItem\",\"position\":3,\"name\":\"Sonoridades\"}]},{\"@type\":\"WebSite\",\"@id\":\"https:\/\/iporto.amp.pt\/es\/#website\",\"url\":\"https:\/\/iporto.amp.pt\/es\/\",\"name\":\"iPorto\",\"description\":\"Agenda metropolitana da cultura\",\"publisher\":{\"@id\":\"https:\/\/iporto.amp.pt\/es\/#organization\"},\"potentialAction\":[{\"@type\":\"SearchAction\",\"target\":{\"@type\":\"EntryPoint\",\"urlTemplate\":\"https:\/\/iporto.amp.pt\/es\/?s={search_term_string}\"},\"query-input\":{\"@type\":\"PropertyValueSpecification\",\"valueRequired\":true,\"valueName\":\"search_term_string\"}}],\"inLanguage\":\"es\"},{\"@type\":\"Organization\",\"@id\":\"https:\/\/iporto.amp.pt\/es\/#organization\",\"name\":\"iPorto\",\"url\":\"https:\/\/iporto.amp.pt\/es\/\",\"logo\":{\"@type\":\"ImageObject\",\"inLanguage\":\"es\",\"@id\":\"https:\/\/iporto.amp.pt\/es\/#\/schema\/logo\/image\/\",\"url\":\"\/content\/uploads\/2023\/07\/IPorto-generic-.png\",\"contentUrl\":\"\/content\/uploads\/2023\/07\/IPorto-generic-.png\",\"width\":1000,\"height\":629,\"caption\":\"iPorto\"},\"image\":{\"@id\":\"https:\/\/iporto.amp.pt\/es\/#\/schema\/logo\/image\/\"}}]}<\/script>\n<!-- \/ Yoast SEO plugin. -->","yoast_head_json":{"title":"Sonoridades - iPorto","robots":{"index":"index","follow":"follow","max-snippet":"max-snippet:-1","max-image-preview":"max-image-preview:large","max-video-preview":"max-video-preview:-1"},"canonical":"https:\/\/iporto.amp.pt\/es\/eventos\/sonoridades-1\/","og_locale":"es_ES","og_type":"article","og_title":"Sonoridades - iPorto","og_description":"Organiza\u00e7\u00e3o: Munic\u00edpio de Santo Tirso. Dire\u00e7\u00e3o art\u00edstica e produ\u00e7\u00e3o: 1bigo \u2013 Artistas e Eventos","og_url":"https:\/\/iporto.amp.pt\/es\/eventos\/sonoridades-1\/","og_site_name":"iPorto","article_modified_time":"2023-10-04T16:19:25+00:00","og_image":[{"width":535,"height":357,"url":"https:\/\/iporto.amp.pt\/content\/uploads\/2023\/07\/158763_lula.jpg","type":"image\/jpeg"}],"twitter_card":"summary_large_image","schema":{"@context":"https:\/\/schema.org","@graph":[{"@type":"WebPage","@id":"https:\/\/iporto.amp.pt\/es\/eventos\/sonoridades-1\/","url":"https:\/\/iporto.amp.pt\/es\/eventos\/sonoridades-1\/","name":"Sonoridades - iPorto","isPartOf":{"@id":"https:\/\/iporto.amp.pt\/es\/#website"},"primaryImageOfPage":{"@id":"https:\/\/iporto.amp.pt\/es\/eventos\/sonoridades-1\/#primaryimage"},"image":{"@id":"https:\/\/iporto.amp.pt\/es\/eventos\/sonoridades-1\/#primaryimage"},"thumbnailUrl":"\/content\/uploads\/2023\/07\/158763_lula.jpg","datePublished":"2019-03-12T16:01:48+00:00","dateModified":"2023-10-04T16:19:25+00:00","breadcrumb":{"@id":"https:\/\/iporto.amp.pt\/es\/eventos\/sonoridades-1\/#breadcrumb"},"inLanguage":"es","potentialAction":[{"@type":"ReadAction","target":["https:\/\/iporto.amp.pt\/es\/eventos\/sonoridades-1\/"]}]},{"@type":"ImageObject","inLanguage":"es","@id":"https:\/\/iporto.amp.pt\/es\/eventos\/sonoridades-1\/#primaryimage","url":"\/content\/uploads\/2023\/07\/158763_lula.jpg","contentUrl":"\/content\/uploads\/2023\/07\/158763_lula.jpg","width":535,"height":357},{"@type":"BreadcrumbList","@id":"https:\/\/iporto.amp.pt\/es\/eventos\/sonoridades-1\/#breadcrumb","itemListElement":[{"@type":"ListItem","position":1,"name":"Home","item":"https:\/\/iporto.amp.pt\/es\/"},{"@type":"ListItem","position":2,"name":"Eventos","item":"https:\/\/iporto.amp.pt\/es\/eventos\/"},{"@type":"ListItem","position":3,"name":"Sonoridades"}]},{"@type":"WebSite","@id":"https:\/\/iporto.amp.pt\/es\/#website","url":"https:\/\/iporto.amp.pt\/es\/","name":"iPorto","description":"Agenda metropolitana da cultura","publisher":{"@id":"https:\/\/iporto.amp.pt\/es\/#organization"},"potentialAction":[{"@type":"SearchAction","target":{"@type":"EntryPoint","urlTemplate":"https:\/\/iporto.amp.pt\/es\/?s={search_term_string}"},"query-input":{"@type":"PropertyValueSpecification","valueRequired":true,"valueName":"search_term_string"}}],"inLanguage":"es"},{"@type":"Organization","@id":"https:\/\/iporto.amp.pt\/es\/#organization","name":"iPorto","url":"https:\/\/iporto.amp.pt\/es\/","logo":{"@type":"ImageObject","inLanguage":"es","@id":"https:\/\/iporto.amp.pt\/es\/#\/schema\/logo\/image\/","url":"\/content\/uploads\/2023\/07\/IPorto-generic-.png","contentUrl":"\/content\/uploads\/2023\/07\/IPorto-generic-.png","width":1000,"height":629,"caption":"iPorto"},"image":{"@id":"https:\/\/iporto.amp.pt\/es\/#\/schema\/logo\/image\/"}}]}},"_links":{"self":[{"href":"https:\/\/iporto.amp.pt\/es\/wp-json\/wp\/v2\/event\/158763"}],"collection":[{"href":"https:\/\/iporto.amp.pt\/es\/wp-json\/wp\/v2\/event"}],"about":[{"href":"https:\/\/iporto.amp.pt\/es\/wp-json\/wp\/v2\/types\/event"}],"author":[{"embeddable":true,"href":"https:\/\/iporto.amp.pt\/es\/wp-json\/wp\/v2\/users\/42"}],"version-history":[{"count":1,"href":"https:\/\/iporto.amp.pt\/es\/wp-json\/wp\/v2\/event\/158763\/revisions"}],"predecessor-version":[{"id":211251,"href":"https:\/\/iporto.amp.pt\/es\/wp-json\/wp\/v2\/event\/158763\/revisions\/211251"}],"wp:featuredmedia":[{"embeddable":true,"href":"https:\/\/iporto.amp.pt\/es\/wp-json\/wp\/v2\/media\/158764"}],"wp:attachment":[{"href":"https:\/\/iporto.amp.pt\/es\/wp-json\/wp\/v2\/media?parent=158763"}],"wp:term":[{"taxonomy":"category","embeddable":true,"href":"https:\/\/iporto.amp.pt\/es\/wp-json\/wp\/v2\/categories?post=158763"},{"taxonomy":"counties","embeddable":true,"href":"https:\/\/iporto.amp.pt\/es\/wp-json\/wp\/v2\/counties?post=158763"}],"curies":[{"name":"wp","href":"https:\/\/api.w.org\/{rel}","templated":true}]}}

<p>Organização: Município de Santo Tirso. Direção artística e produção: 1bigo – Artistas e Eventos</p>

<!-- This site is optimized with the Yoast SEO plugin v24.1 - https://yoast.com/wordpress/plugins/seo/ -->
<title>Sonoridades - iPorto</title>
<meta name="robots" content="index, follow, max-snippet:-1, max-image-preview:large, max-video-preview:-1" />
<link rel="canonical" href="https://iporto.amp.pt/es/eventos/sonoridades-1/" />
<meta property="og:locale" content="es_ES" />
<meta property="og:type" content="article" />
<meta property="og:title" content="Sonoridades - iPorto" />
<meta property="og:description" content="Organização: Município de Santo Tirso. Direção artística e produção: 1bigo – Artistas e Eventos" />
<meta property="og:url" content="https://iporto.amp.pt/es/eventos/sonoridades-1/" />
<meta property="og:site_name" content="iPorto" />
<meta property="article:modified_time" content="2023-10-04T16:19:25+00:00" />
<meta property="og:image" content="https://iporto.amp.pt/content/uploads/2023/07/158763_lula.jpg" />
	<meta property="og:image:width" content="535" />
	<meta property="og:image:height" content="357" />
	<meta property="og:image:type" content="image/jpeg" />
<meta name="twitter:card" content="summary_large_image" />
<script type="application/ld+json" class="yoast-schema-graph">{"@context":"https://schema.org","@graph":[{"@type":"WebPage","@id":"https://iporto.amp.pt/es/eventos/sonoridades-1/","url":"https://iporto.amp.pt/es/eventos/sonoridades-1/","name":"Sonoridades - iPorto","isPartOf":{"@id":"https://iporto.amp.pt/es/#website"},"primaryImageOfPage":{"@id":"https://iporto.amp.pt/es/eventos/sonoridades-1/#primaryimage"},"image":{"@id":"https://iporto.amp.pt/es/eventos/sonoridades-1/#primaryimage"},"thumbnailUrl":"/content/uploads/2023/07/158763_lula.jpg","datePublished":"2019-03-12T16:01:48+00:00","dateModified":"2023-10-04T16:19:25+00:00","breadcrumb":{"@id":"https://iporto.amp.pt/es/eventos/sonoridades-1/#breadcrumb"},"inLanguage":"es","potentialAction":[{"@type":"ReadAction","target":["https://iporto.amp.pt/es/eventos/sonoridades-1/"]}]},{"@type":"ImageObject","inLanguage":"es","@id":"https://iporto.amp.pt/es/eventos/sonoridades-1/#primaryimage","url":"/content/uploads/2023/07/158763_lula.jpg","contentUrl":"/content/uploads/2023/07/158763_lula.jpg","width":535,"height":357},{"@type":"BreadcrumbList","@id":"https://iporto.amp.pt/es/eventos/sonoridades-1/#breadcrumb","itemListElement":[{"@type":"ListItem","position":1,"name":"Home","item":"https://iporto.amp.pt/es/"},{"@type":"ListItem","position":2,"name":"Eventos","item":"https://iporto.amp.pt/es/eventos/"},{"@type":"ListItem","position":3,"name":"Sonoridades"}]},{"@type":"WebSite","@id":"https://iporto.amp.pt/es/#website","url":"https://iporto.amp.pt/es/","name":"iPorto","description":"Agenda metropolitana da cultura","publisher":{"@id":"https://iporto.amp.pt/es/#organization"},"potentialAction":[{"@type":"SearchAction","target":{"@type":"EntryPoint","urlTemplate":"https://iporto.amp.pt/es/?s={search_term_string}"},"query-input":{"@type":"PropertyValueSpecification","valueRequired":true,"valueName":"search_term_string"}}],"inLanguage":"es"},{"@type":"Organization","@id":"https://iporto.amp.pt/es/#organization","name":"iPorto","url":"https://iporto.amp.pt/es/","logo":{"@type":"ImageObject","inLanguage":"es","@id":"https://iporto.amp.pt/es/#/schema/logo/image/","url":"/content/uploads/2023/07/IPorto-generic-.png","contentUrl":"/content/uploads/2023/07/IPorto-generic-.png","width":1000,"height":629,"caption":"iPorto"},"image":{"@id":"https://iporto.amp.pt/es/#/schema/logo/image/"}}]}</script>
<!-- / Yoast SEO plugin. -->

Organização: Município de Santo Tirso. Direção artística e produção: 1bigo – Artistas e Eventos
